093470
In base 4, what is 30031 + -100001?
-3310
In base 11, what is 17 + 1084a0?
108507
In base 8, what is -4163202 - -54?
-4163126
In base 8, what is 354 - 22412?
-22036
In base 10, what is 60 + -263403?
-263343
In base 11, what is -1 + -49426?
-49427
In base 14, what is 1ad + -20321?
-20152
In base 3, what is 122100 - -2001110012?
2002002112
In base 7, what is 143603 - -5233?
152136
In base 13, what is 1 - 46c05c?
-46c05b
In base 13, what is -b7 + 111303?
111219
In base 12, what is 391 - 264a62?
-264691
In base 12, what is 1a0a44 - -101?
1a0b45
In base 4, what is 13120 + -2032212?
-2013032
In base 3, what is 12 + 2220220000021002?
2220220000021021
In base 5, what is -1332441330 - 110?
-1332441440
In base 11, what is 30906 + 404?
3120a
In base 16, what is -c9d460 + 4?
-c9d45c
In base 14, what is -cca7b9 - -6?
-cca7b3
In base 4, what is -1203121332012 + -2?
-1203121332020
In base 3, what is -1102001102 + 201021?
-1101100011
In base 4, what is -203300011101 - -3?
-203300011032
In base 13, what is 993 - -324cb?
33191
In base 14, what is -33096436 - 2?
-33096438
In base 5, what is -2 + 10440241133?
10440241131
In base 5, what is 143322 + 4344?
203221
In base 4, what is 100212313213 - 10113?
100212303100
In base 9, what is 135375 - 266?
135108
In base 6, what is 10 - 12114505453?
-12114505443
In base 3, what is 100020122122022221 - 12?
100020122122022202
In base 3, what is -211110110211 + 22002?
-211110011202
In base 5, what is -12433313142 + -22?
-12433313214
In base 9, what is -631 - -680?
48
In base 13, what is 3 + 4b7949c?
4b794a2
In base 8, what is -425567011 + -3?
-425567014
In base 9, what is 613 + 314843?
315556
In base 9, what is -2 + 2617311?
2617308
In base 2, what is 1000011010010110001 + 1?
1000011010010110010
In base 2, what is -1100000011001100001100 + -1101?
-1100000011001100011001
In base 2, what is 10 - 10101100010111111000?
-10101100010111110110
In base 11, what is 5 + 9836226?
9836230
In base 2, what is -111110001101001010100 + 10011?
-111110001101001000001
In base 15, what is -1b4054 - -36?
-1b401d
In base 11, what is 3 + 1515764a?
15157652
In base 4, what is -203003221133 - -10?
-203003221123
In base 4, what is 211100 + -12213320?
-12002220
In base 5, what is -2412143 + 2240?
-2404403
In base 8, what is 15 - -62625103?
62625120
In base 6, what is 25504400320 - 2?
25504400314
In base 3, what is -1 - -211220001121212?
211220001121211
In base 3, what is -1 - 12220111020021001?
-12220111020021002
In base 7, what is 4605100 - 15?
4605052
In base 14, what is 0 + -774b91?
-774b91
In base 3, what is -1010 - -22010102221?
22010101211
In base 3, what is -20212122221212 + 2020?
-20212122212122
In base 15, what is -806 - 2839?
-3140
In base 4, what is 1003222 - -222130?
1232012
In base 4, what is 100002311032 - 0?
100002311032
In base 2, what is 1000111101110101110111 - 10?
1000111101110101110101
In base 11, what is -5 - -1331573?
1331569
In base 16, what is -2aa + -139a?
-1644
In base 6, what is 10 - 1230512300?
-1230512250
In base 5, what is -4 + 100223102011?
100223102002
In base 10, what is -437 - 756?
-1193
In base 5, what is 40221 - 111221?
-21000
In base 15, what is -6 - -32eb033?
32eb02c
In base 7, what is 2204 + 30343?
32550
In base 8, what is 204727 + 2231?
207160
In base 3, what is 2111 + -122121101000221?
-122121100221110
In base 4, what is 113200131110 - 2?
113200131102
In base 8, what is 10 - 6302572?
-6302562
In base 2, what is 100 + 10010000000010011110010?
10010000000010011110110
In base 14, what is -1a - -17bc3dc?
17bc3c2
In base 16, what is -100cd5 + -12?
-100ce7
In base 13, what is -a1 + -98330?
-98401
In base 11, what is -614 - 9977?
-a490
In base 3, what is -21 - 100112121021021?
-100112121021112
In base 12, what is -1023 + 36b3?
2690
In base 6, what is 133150 + 500?
134050
In base 11, what is -60736 + 1797?
-59a4a
In base 7, what is 145161 - 2335?
142523
In base 2, what is -1 + -110111011111010001010?
-110111011111010001011
In base 4, what is 130323002311201 - -3?
130323002311210
In base 10, what is 75 - -1260220?
1260295
In base 14, what is 108 - -20ad5?
20bdd
In base 15, what is 74568 - 2?
74566
In base 2, what is -1010010011001001 - -100001111010?
-1001110001001111
In base 6, what is 3 + 500411025?
500411032
In base 14, what is 4a1 + 266a0?
26b61
In base 15, what is 27c99db - -3?
27c99de
In base 5, what is -4324331 - 121?
-4330002
In base 15, what is -2353 - -524c?
2de9
In base 2, what is -110 + -1010011000100001100101000000?
-1010011000100001100101000110
In base 6, what is -13350422 + -50?
-13350512
In base 2, what is -1111000010011111110101100011 + -100?
-1111000010011111110101100111
In base 10, what is -23280 - -8891?
-14389
In base 3, what is 122121 - -222122021?
1000021212
In base 9, what is -35 - 842664?
-842710
In base 6, what is 14330410011 + -2?
14330410005
In base 2, what is 101 - -111100101100110100000011?
111100101100110100001000
In base 13, what is 1c6 - -43797?
43990
In base 9, what is -1685047 - -43?
-1685004
In base 5, what is -22143311414 - 0?
-22143311414
In base 3, what is -120 + -12120010222002?
-12120010222122
In base 5, what is -1232101222 - -2?
-1232101220
In base 16, what is 27 + 4034d?
40374
In base 4, what is -213310 + -1001?
-220311
In base 9, what is 6633 + 2011?
8644
In base 10, what is 34357 - -10088?
44445
In base 9, what is -17065 + 23?
-17042
In base 9, what is -11202864 - 25?
-11203000
In base 10, what is 2 + -2912890?
-2912888
In base 16, what is 129ec3f1 - -3?
129ec3f4
In base 14, what is -6b155a - -b7?
-6b1483
In base 11, what is -9 - 16026865?
-16026873
In base 11, what is 885 - -1672?
2447
In base 6, what is -202 - 2031145?
-2031351
In base 7, what is 1264445 + 65?
1264543
In base 13, what is -14a + 17c112?
17bc95
In base 10, what is 13 + 42199?
42212
In base 13, what is -2c88c2a + -1?
-2c88c2b
In base 16, what is f01e7 - 2?
f01e5
In base 14, what is 1440 + c448?
d888
In base 15, what is a3c1 + 1445?
b816
In base 7, what is 364333 + 322?
364655
In base 10, what is -8307 - 2178?
-10485
In base 14, what is 44 - -d3603?
d3647
In base 16, what is 15 + -652398?
-652383
In base 4, what is 123023302120113 - 2?
123023302120111
In base 3, what is 12 + -110211111010011?
-110211111002222
In base 5, what is -201 - 12243311?
-12244012
In base 3, what is -110222 + 110201220?
110020221
In base 6, what is -113100245431 + -4?
-113100245435
In base 6, what is 351322204 + -4?
351322200
In base 5, what is 1041410 - 121044?
420311
In base 8, what is 47520 + 3362?
53102
In base 5, what is 10113211 + -1020433?
4042223
In base 6, what is -2 + -15530321254?
-15530321300
In base 4, what is -3333023121212 + -31?
-3333023121303
In base 10, what is -11258363 - -4?
-11258359
In base 7, what is 264114 - 336?
263445
In base 12, what is -111 - 81124?
-81235
In base 5, what is 1114011 + -13243?
1100213
In base 12, what is -2631 - -6434?
3a03
In base 10, what is -390 + 116351?
115961
In base 16, what is 53c7367 - -2?
53c7369
In base 2, what is 10 - -110100100111101000111000?
110100100111101000111010
In base 12, what is 2 + -637434b9?
-637434b7
In base 14, what is 25cdd2 - 36?
25cd9a
In base 15, what is -10c29 + -d8?
-10d12
In base 11, what is 231a - -7717?
9a36
In base 6, what is 350 + 5340550?
5341340
In base 6, what is 233150 - -52210?
325400
In base 14, what is 360 + -1a5?
199
In base 5, what is -1010321210 - -20?
-1010321140
In base 5, what is -20300 + 44412?
24112
In base 3, what is -12 - 1122111011111120?
-1122111011111202
In base 4, what is 110122300 + -333?
110121301
In base 2, what is 10101110111001000 + 11010100?
10101111010011100
In base 10, what is -33337 + 348?
-32989
In base 2, what is 11100111100000000011011 - 10?
11100111100000000011001
In base 13, what is 53455284 + 2?
53455286
In base 3, what is -12 - -10022222002011?
10022222001222
In base 4, what is -213012211101 + 1?
-213012211100
In base 15, what is 5e + 2a1044?
2a10a3
In base 3, what is 10 - 1212200001?
-1212122221
In base 7, what is -3 + 53132016?
53132013
In base 11, what is -428 - -330335?
32aa08
In base 2, what is 111 - -10101010100100000000111?
10101010100100000001110
In base 2, what is 11100111010110001101 + 10001?
11100111010110011110
In base 15, what is -14 - -20414?
20400
In base 5, what is -1 + 1302440123?
1302440122
In